iple of 96?
True
Is 13 a factor of 1441611465?
False
Is 29 a factor of 7773653?
True
Does 173 divide 383461766?
True
Is 1107121225 a multiple of 3545?
True
Is 464374487 a multiple of 41?
True
Is 256796800 a multiple of 832?
True
Does 156 divide 2056505714?
False
Is 237 a factor of 404683848?
False
Does 346 divide 350158920?
True
Does 440 divide 6986747?
False
Does 44 divide 4617228?
True
Does 516 divide 14642016?
True
Does 27 divide 1025046963?
False
Is 42850875 a multiple of 2037?
False
Is 167 a factor of 38517392?
False
Does 115 divide 47328250?
True
Is 347 a factor of 65573631?
True
Is 124886840 a multiple of 481?
True
Is 3463 a factor of 233727105?
False
Is 1820 a factor of 49134540?
True
Is 20546220 a multiple of 269?
True
Does 3734 divide 445355081?
False
Is 9533 a factor of 1243752063?
False
Does 637 divide 7354341?
False
Does 7 divide 2561021?
False
Does 14 divide 86666272?
True
Does 135 divide 31381543?
False
Does 319 divide 221131438?
True
Does 153 divide 253549228?
False
Does 449 divide 192697779?
True
Does 7 divide 28440937?
True
Does 2261 divide 181903802?
False
Is 251 a factor of 146311541?
False
Does 121 divide 118939975?
True
Does 15 divide 10047975?
True
Does 10 divide 61585229?
False
Does 834 divide 65244292?
False
Does 304 divide 163775177?
False
Is 33 a factor of 127384149?
False
Is 30 a factor of 12054853?
False
Is 905 a factor of 35399111?
False
Does 2205 divide 34195140?
True
Is 22413455 a multiple of 14?
False
Is 242 a factor of 631335057?
False
Is 357 a factor of 27834763?
False
Does 31 divide 4996301?
True
Is 378 a factor of 11433598?
False
Is 3 a factor of 531750?
True
Does 1514 divide 61474456?
True
Does 1245 divide 1821751230?
True
Is 10 a factor of 211133400?
True
Is 2790 a factor of 12070374?
False
Is 74364312 a multiple of 25?
False
Does 333 divide 112483071?
True
Is 425684980 a multiple of 319?
False
Does 7598 divide 1796008281?
False
Does 13 divide 42155854?
True
Does 62 divide 29716062?
False
Is 99135093 a multiple of 14?
False
Is 15868634 a multiple of 254?
False
Does 20 divide 209610709?
False
Is 1938480647 a multiple of 331?
True
Does 740 divide 30296939?
False
Does 9 divide 36862029?
True
Is 10 a factor of 328869170?
True
Does 92 divide 66591992?
True
Is 19913046 a multiple of 21?
False
Is 12 a factor of 3393738484?
False
Does 7 divide 299180?
True
Does 446 divide 1962189488?
True
Is 29572368 a multiple of 1132?
True
Is 90441140 a multiple of 290?
True
Is 123449970 a multiple of 629?
False
Does 6 divide 125114963?
False
Is 6622011120 a multiple of 15?
True
Does 7 divide 528420921?
True
Does 110 divide 297216562?
False
Does 265 divide 291002860?
True
Is 86602971 a multiple of 9?
False
Is 55 a factor of 226713557?
False
Is 6013278 a multiple of 61?
False
Does 61 divide 26689086?
True
Does 308 divide 1002499960?
True
Is 529 a factor of 17677593?
True
Does 14 divide 36307180?
True
Does 17 divide 202058121?
False
Is 8932 a factor of 820154104?
True
Does 15 divide 627503866?
False
Is 179 a factor of 380344688?
False
Does 44 divide 985391352?
True
Does 77 divide 1641148473?
False
Is 8 a factor of 217928?
True
Does 19 divide 852739195?
False
Is 1581 a factor of 21164847?
True
Is 134603040 a multiple of 2067?
True
Is 622 a factor of 17572744?
True
Does 2861 divide 217510215?
False
Is 180555165 a multiple of 1447?
False
Is 76 a factor of 117853023?
False
Is 78447795 a multiple of 6?
False
Is 437663983 a multiple of 28?
False
Is 1406 a factor of 106640518?
False
Is 5 a factor of 99258610?
True
Is 16623112 a multiple of 11?
True
Is 42 a factor of 43620486?
True
Does 2432 divide 1696110848?
True
Is 9 a factor of 141961689?
True
Does 23 divide 3047827?
False
Is 108 a factor of 100342617?
False
Is 8605 a factor of 715204575?
True
Is 713414005 a multiple of 16?
False
Does 76 divide 103512312?
False
Is 644752370 a multiple of 8?
False
Does 7392 divide 3599904?
True
Is 56 a factor of 3291023?
False
Is 4337 a factor of 556705994?
True
Is 105562 a multiple of 47?
True
Is 542582802 a multiple of 2531?
False
Is 538 a factor of 6201353?
False
Does 769 divide 46371590?
False
Does 30 divide 18372660?
True
Does 562 divide 481459629?
False
Is 49205325 a multiple of 975?
True
Is 654710563 a multiple of 884?
False
Does 12 divide 34307640?
True
Does 191 divide 51405740?
True
Does 8 divide 692608680?
True
Does 37 divide 36388914?
False
Does 186 divide 180144534?
True
Is 30570075 a multiple of 8?
False
Does 10 divide 714840?
True
Is 5546 a factor of 725244874?
True
Is 12357576 a multiple of 14?
True
Does 3748 divide 318804880?
True
Does 21 divide 4010160?
True
Does 8 divide 16199216?
True
Is 79954124 a multiple of 109?
False
Is 6 a factor of 9512592?
True
Does 80 divide 143790436?
False
Is 726 a factor of 22520520?
True
Does 219 divide 37100790?
True
Is 193868794 a multiple of 1127?
True
Is 1406762180 a multiple of 4924?
True
Is 3663663393 a multiple of 11254?
False
Is 161640929 a multiple of 125?
False
Is 471288195 a multiple of 2839?
True
Is 16 a factor of 125697636?
False
Is 15834687 a multiple of 15?
False
Is 8734562 a multiple of 142?
True
Does 8541 divide 375660162?
False
Is 2999173402 a multiple of 18?
False
Is 136138376 a multiple of 44?
True
Does 1151 divide 418667618?
False
Is 52120970 a multiple of 11?
True
Is 635716445 a multiple of 49?
True
Does 485 divide 58965330?
True
Is 202 a factor of 522421894?
True
Is 2054 a factor of 906530846?
True
Is 10 a factor of 1308806998?
False
Is 4423 a factor of 31450719?
False
Does 9 divide 44125875?
True
Does 56 divide 1468910520?
True
Does 238 divide 200748424?
False
Is 16 a factor of 15701392?
True
Is 154 a factor of 261736398?
True
Does 15 divide 494986485?
True
Is 2560 a factor of 63941120?
True
Does 77 divide 35067186?
True
Is 32457971 a multiple of 7?
True
Does 309 divide 74350582?
False
Is 76103731 a multiple of 38?
False
Does 1467 divide 969427923?
False
Is 44723019 a multiple of 795?
False
Is 99969606 a multiple of 99?
True
Is 2825465986 a multiple of 118?
True
Does 4 divide 11052294?
False
Is 530 a factor of 74710390?
True
Does 2488 divide 1392878?
False
Is 274 a factor of 2289959110?
True
Is 249126032 a multiple of 1487?
True
Does 231 divide 3067680?
True
Does 428 divide 390284145?
False
Is 2317 a factor of 848132178?
False
Is 3439986 a multiple of 66?
True
Does 63 divide 439054768?
False
Is 174016167 a multiple of 75?
False
Does 26 divide 11487528?
True
Is 2988 a factor of 848472480?
True
Is 36761367 a multiple of 2859?
False
Does 1085 divide 457946609?
False
Is 5 a factor of 2089034?
False
Does 22 divide 2702656?
True
Is 291251771 a multiple of 316?
False
Does 17 divide 36427532?
True
Is 205530197 a multiple of 1838?
False
Does 482 divide 137453077?
False
Is 44 a factor of 2426686592?
True
Is 4 a factor of 302386144?
True
Is 246 a factor of 161571236?
False
Is 28 a factor of 5673136?
True
Is 140 a factor of 55875484?
False
Does 326 divide 240195170?
True
Is 89 a factor of 802684354?
False
Is 2513 a factor of 19124201?
False
Is 3605 a factor of 504435593?
False
Is 673098112 a multiple of 32?
True
Is 13505544 a multiple of 94?
True
Is 129 a factor of 261654441?
True
Is 287649244 a multiple of 601?
False
Does 19 divide 171766593?
True
Does 13 divide 1704115920?
True
Is 363355227 a multiple of 317?
True
Is 377 a factor of 28198469?
True
Is 32 a factor of 118810192?
False
Does 743 divide 133661304?
False
Is 3166664012 a multiple of 6248?
False
Does 14 divide 18726722?
True
Does 32 divide 2108224?
True
Does 394 divide 115678324?
False
Is 853 a factor of 96560453?
True
Does 971 divide 3420833?
True
Does 6 divide 11693853?
False
Is 97418913 a multiple of 36?
False
Does 900 divide 4718295000?
True
Is 30 a factor of 1046438615?
False
Is 1159552 a multiple of 18?
False
Is 161582550 a multiple of 50?
True
Does 4 divide 1786992?
True
Does 271 divide 4742115?
False
Does 7 divide 7563756?
False
Does 1104 divide 36536134?
False
Is 40614247 a multiple of 35?
False
Does 102 divide 128049883?
False
Is 294951202 a multiple of 18?
False
Is 1197 a factor of 44062714?
False
Is 4270761 a multiple of 33?
True
Does 457 divide 50202821?
True
Is 78 a factor of 47939322?
False
Does 2993 divide 224680874?
False
Is 300398767 a multiple of 136?
False
Is 648 a factor of 317278063?
False
Does 1126 divide